ate 3 + (10 + -9 - (6 - 1)).
-1
What is 3 + (-2 - -7 - (-8 + 17))?
-1
What is -3 + (6 - 5) + -2?
-4
-1 - (1 - (0 - 1))
-3
5 + (-2 - -8) - (2 - -5)
4
(-31 - -42) + (-3 - (1 + -1))
8
68 + -69 + (-3 - -1 - -1)
-2
Evaluate 8 + -1 + -14 - -1.
-6
Evaluate 5 - 7 - 7 - -5.
-4
What is the value of 1 + (4 - 0) - (-41 - -41)?
5
What is the value of -1 - (5 + (1 + 3 - 5))?
-5
Calculate -2 - (-9 + 9) - -4.
2
What is -3 - ((-4 - 0) + 1)?
0
Evaluate (-5 - -1) + 56 + -50.
2
-4 + (-5 - (4 + -16))
3
Calculate 3 + (-5 - 1) + 0 + 3.
0
What is -3 + (-1 - -3) + -3?
-4
Evaluate -7 - (-2 + (9 - (1 + 4))).
-9
2 - (5 + -2 + 2 + -4)
1
Evaluate 3 + -11 - (0 + (-4 - -2)).
-6
What is the value of -1 + -4 + (1 - -2)?
-2
Calculate (3 - 2) + 2 - (7 - 9).
5
What is the value of -1 + 0 + (-1 + -1 - -2)?
-1
Evaluate (-22 - (-1 - 13)) + 1.
-7
What is the value of 2 - (-7 + -2 + 17)?
-6
Calculate 3 - (5 + -7 - (-5 - -1)).
1
Calculate 1 - 5 - ((-3 - 3) + 2).
0
What is the value of (-7 + 11 - 5) + 2?
1
Evaluate -1 + -4 + 0 + 1 + 3.
-1
Calculate -2 + -8 + 4 + 3 + 0.
-3
What is 0 - (-5 - -9) - -8 - 4?
0
-33 - -23 - (-5 - -1)
-6
Evaluate -14 + (6 + 10 - 8).
-6
What is the value of 4 + -8 - (0 + 0)?
-4
Calculate 3 + 3 + 1 + -2.
5
Evaluate (-8 - -6 - 4) + 0.
-6
What is the value of (-3 + 21 - 5) + -6 - 7?
0
What is 4 + (6 - (7 + (-1 - 2)))?
6
What is (-3 + 10 - 3) + -10 + 4?
-2
Calculate (-3 - -9) + -3 - 0.
3
Calculate 7 + 0 + -7 + 3.
3
What is (-3 - 1) + (-9 - (3 - 21))?
5
Evaluate 5 + (-5 - -3) + -2.
1
Calculate (-1 - 1) + 3 + -3 + 5.
3
Evaluate 4 + 1 + -9 - (0 + -6).
2
1 + -7 - (-38 + 32)
0
Evaluate -3 + 0 + 1 + -4 - -4.
-2
Evaluate -14 + (5 - 1) + 4.
-6
Evaluate (5 - (-4 + 1 + 10)) + 7.
5
What is (-3 - 5) + 3 + 6?
1
-4 + 8 - (-1 + 6)
-1
Calculate -4 + -2 + 1 + (-1 - -4).
-2
Evaluate 40 + -35 + (-3 - -5).
7
(4 - -4) + (-5 - -1)
4
What is the value of 7 + (3 - 1) + -6?
3
Evaluate 8 + -3 - (3 - 8 - -7).
3
What is the value of -2 - (2 + -8) - -1?
5
11 + 1 + -19 - 0
-7
(0 - 0) + (10 - 13)
-3
Calculate 2 - (0 - 1) - (-58 + 60).
1
What is 2 + -7 - (3 - (3 + 0))?
-5
What is the value of 0 + 4 + 0 - 2 - 2?
0
What is the value of 207 + -226 - (-1 - 14)?
-4
Evaluate 0 + -1 - (4 + (0 - -1)).
-6
Calculate -4 + ((4 - 8) + 0 - -4).
-4
(1 - (-10 + 10)) + 2
3
What is 49 + -44 - (-3 + 1)?
7
What is 0 + (-5 + -2 - -6)?
-1
Calculate 12 - (-6 - 2 - -11).
9
Evaluate -3 + 5 + -4 - 0.
-2
-6 - -1 - -1 - -1
-3
Evaluate 4 - ((0 + 1 - -5) + -4).
2
Evaluate -1 + 3 + -2 + 0.
0
What is (1 - 1) + 3 + -1?
2
What is the value of 3 + -5 - (-1 - 2) - -3?
4
What is the value of 4 + 0 + -2 - 4?
-2
What is the value of -8 + 5 - -3 - -1?
1
(-1 - -2 - 0) + 0
1
Evaluate 1 + (5 - 6) - 6.
-6
Calculate -16 + 19 + -5 - (-2 - 1).
1
Evaluate -3 + 14 - (-15 + 10 - -7).
9
What is -6 - -12 - (-1 + 2 - -1)?
4
Evaluate (2 + -12 - -15) + -9.
-4
Evaluate -1 + (-6 + 2 + 0 - -1).
-4
Calculate -10 - -2 - (-6 + (1 - -2)).
-5
Calculate -3 + 5 + 11 + -12.
1
Evaluate 2 + 2 + -1 + -1.
2
What is the value of (4 - 5) + -9 + 12?
2
What is -5 + -9 + 14 + 0?
0
Calculate -4 - (1 + (0 - 4)).
-1
Evaluate -7 + (-4 + 5 - -3).
-3
0 - (-21 + 14 - (2 + -6))
3
Evaluate -9 - -1 - (3 + -5) - -10.
4
5 - (-4 - (2 + -5) - -3)
3
Evaluate 10 + 9 + -9 + -12.
-2
What is the value of 3 - (-3 + 5 + -1)?
2
Evaluate -3 + 5 + (3 - 4).
1
What is the value of -2 + (-3 - (0 - (2 - -4)))?
1
-4 - (-10 - (0 + -3))
3
Calculate -5 + (6 - (0 - -3)).
-2
Calculate -9 - (-6 - -5) - -7.
-1
-2 - (4 - 1 - (11 + -4))
2
Calculate 2 - (4 + -3 - 8 - -12).
-3
Evaluate (-4 - 0) + -46 + 52.
2
7 - 1 - -6 - 7
5
Evaluate -10 + 6 + -6 - -13.
3
Evaluate 5 - ((5 - -1) + -2) - 4.
-3
5 + 2 + -3 + (2 - 4)
2
What is the value of 5 - (-5 - -8) - 1 - -2?
3
Calculate (-1 - (-6 + 8)) + 7.
4
What is the value of (2 - 3) + 3 + -1 + 1?
2
What is the value of ((11 - 4) + -1 - 6) + -4?
-4
What is the value of 2 + -5 + (63 - 67)?
-7
What is -2 + -1 + 0 + 5?
2
Evaluate -7 + (-2 - 11) + 14.
-6
What is 2 - (5 + (0 - (1 - 1)))?
-3
Evaluate -3 - (-3 + -1 + -1).
2
0 + -4 + 8 - (-1 + 6)
-1
What is (2 - -3) + -5 - (-4 + 1)?
3
What is 2 + (-3 - (0 + 1)) + 5?
3
-2 + (-2 - (3 + -5)) + 3
1
What is 3 + -9 + 8 + -6?
-4
Evaluate -7 - (-3 + -5) - (1 - 0).
0
What is the value of 2 - 2 - (-6 - (-9 - -3))?
0
Evaluate -5 - (0 - (5 - -2)).
2
Calculate 6 + (5 - 9) - (1 + 1).
0
Evaluate 0 + -7 + (2 - -3).
-2
Evaluate 1 + (0 + -4 + 4 - -1).
2
Calculate -7 + 9 - (3 + -1).
0
Evaluate -6 + 2 + -7 + 5.
-6
What is (0 - 3 - (9 + -17)) + -3?
2
Evaluate (3 - -3 - -1 - 5) + -5.
-3
What is -8 + (-2 - -9) - 5?
-6
4 + (-7 - (-13 - -6))
4
5 + 0 - -2 - (1 - -5)
1
What is the value of 3 + (3 - 7 - 1) - -6?
4
Calculate (0 - -2 - 2) + -2 - -2.
0
What is 2 - (-3 + 2 - -1) - 2?
0
What is the value of 0 + 1 + (-9 - -5) - -2?
-1
Evaluate -4 + 3 - (-2 + 2 - -2).
-3
Calculate 0 - 3 - -1 - -3 - -2.
3
What is the value of -12 + (4 - 6 - -3) - -3?
-8
Evaluate 5 + (2 - (1 - -1)) + -2.
3
What is the value of 6 + 0 + (2 - 12) + -4?
-8
Calculate -2 - (-8 + 12 + (-1 - 2)).
-3
What is -3 + 2 + (3 - 1)?
1
What is the value of 0 - (-5 - (2 + 1 - 6))?
2
What is the value of 0 + -6 + 2 + 8?
4
Calculate 2 + (12 - 1) + -5.
8
Evaluate -30 - -41 - (-1 - -7).
5
What is -6 - (3 + (-2 - 1) + -4)?
-2
8 - 3 - (-24 + 25)
4
What is the value of (0 - 8) + 5 - (-2 - 4)?
3
Calculate 0 - (-3 - (3 - 3)).
3
What is -5 + -4 - (10 + -15)?
-4
Calculate -5 + (3 + 7 - 7).
-2
3 - (2 + (-2 - -3 - 0))
0
Calculate -2 + 0 + (5 - (8 + -3)).
-2
Evaluate (-2 - -2) + -3 - -3.
0
What is the value of (6 + 4 - 7) + (7 - 3)?
7
What is 2 - (4 + (-6 - -1))?
3
Evaluate 0 - (1 + (3 - 4) - -1).
-1
-6 + (4 + -5 - -6)
-1
What is (2 - 19) + 7 + 6?
-4
Evaluate 4 + -1 + -4 + 3.
2
Calculate -10 + 7 + (4 - 2) + -1.
-2
Calculate -4 + 0 + 0 + (45 - 38).
3
What is 15 - 12 - (3 + 1 + -2)?
1
What is -7 + -1 + 15 + -1?
6
What is -1 - ((-4 - -2) + -2)?
3
Calculate 0 - (-4 - (5 + 0 + -11)).
-2
-1 + 2 + 8 + -9 + 5
5
Evaluate -42 + 32 - (1 + -10).
-1
Evaluate 8 - ((11 - 8) + 1).
4
What is the value of 8 + -4 + -2 + 1?
3
Calculate -19 - -24 - (-4 - -1 - -2).
6
Evaluate -10 + -7 + 15 - (-6 - 1).
5
What is the value of -2 + 0 + (10 - 4) + -11?
-7
What is the value of 6 + 3 + -7 + 11 - 7?
6
Calculate (6 - 13) + 7 - 2.
-2
Evaluate -3 + 4 - (3 + -5 + 1).
2
What is the value of -7 - ((-1 - (-2 - -3)) + -9)?
4
Calculate 1 + -5 + 4 + -2 + 0.
-2
What is -1 + (2 - 1) - (1 + 1)?
-2
What is the value of 3 + -2 - -3 - (-5 + 4)?
5
What is the value of -2 + (3 - (-6 + 11))?
-4
What is the value of 2 + -1 + (3 - -2)?
6
What is -1 + 3 + -3 + -3?
-4
What is the value of (11 - 5) + -9 - 3?
-6
Calculate 4 + -4 + 0 + -2.
-2
What is (139 - 137) + (1 + -1 - -3)?
5
Evaluate (0 - 2) + (-4 + 5 - 4).
-5
What is the value of 51 - 52 - (1 + 2 - 8)?
4
-4 + 6 + 0 + -4 - 0
-2
2 + -1 - (5 + -4 + 1)
-1
Evaluate 2 - (0 + -1 + 3 + 0).
0
What is 1 - ((-7 - -18) + -5) - -2?
-3
Calculate 3 + 4 + -8 + 2.
1
What is the value of 3 + 0 + -5 + -1?
-3
What is 13 + -3 + -14 + 13?
9
Evaluate -13 - -7 - (1 + -5).
-2
What is 4 + 3 + (3 - 2 - 6)?
2
What is the value of -6 + -3 + 52 + -49?
-6
Calculate -1 + -1 - (1 + -6 + -2).
5
(3 - 4) + -7 + 13
5
Calculate -25 - -10 - -18 - (-8 - -1).
10
4 + -9 + 5 - (1 - 0)
-1
Evaluate 4 + (-1 - 1) + 0 + -1.
1
Evaluate 8 - (5 + (6 - 0)).
-3
2 + (-1 - -2) - (6 + -3)
0
2 - (4 - (-7 + (-2 - -8)))
-3
What is the value of 10 - (22 + -17) - (1 - -3)?
1
Evaluate 5 - 6 - -3 - (-1 + 2).
1
Evaluate -6 - ((-9 - 7) + 8).
2
Evaluate -1 - 0 - (27 + -25).
-3
What is -2 - -11 - (-47 + 52)?
4
What is the value of 0 + 5 + -8 + 3 + -5?
-5
What is the value of (0 - -1 - 1) + 1?
1
Calculate -5 + 11 - (-1 + -3 + 3).
7
What is the value of (-22 - -31) + -4 + 1?
6
Evaluate 3 - (1 + (-2 - 1) - -8).
-3
-3 + (3 - -2) + 24 + -26
0
Evaluate 3 + (-4 + (-2 - 2) - -1).
-4
What is the value of (-2 - (4 - 10)) + -9?
-5
Calculate 3 + -2 + 1 - (-24 - -28).
-2
What is the value of 5 - (9 - (5 - 3))?
-2
3 + 2 + -5 - (1 + 0)
-1
Evaluate -1 - (-3 + 10 - 5).
-3
(-28 - -6 - -14) + 2
-6
What is the value of -5 + 4 + -3 + 4?
0
-1 + 13 + -13 + 7
6
5 - (8 + (1 - 0))
-4
Calculate 2 + -3 + 0 + -7 + 6.
-2
Calculate -2 + 3 + -4 - (-23 + 22).
-2
Calculate 11 - (9 + -1 + (7 - 14)).
10
Calculate 3 + 2 + -2 + -5 + 2.
0
-4 + 0 + 2 - -7
5
Calculate -2 + -1 - (-11 + -2).
10
Evaluate (-4 - -5) +